{"id":204,"date":"2018-01-12T15:07:23","date_gmt":"2018-01-12T15:07:23","guid":{"rendered":"http:\/\/bridge131.qodeinteractive.com\/?page_id=204"},"modified":"2020-09-22T11:16:26","modified_gmt":"2020-09-22T11:16:26","slug":"precursori","status":"publish","type":"page","link":"https:\/\/traditiicreative.ro\/precursori\/precursori\/","title":{"rendered":"Precursori"},"content":{"rendered":"<div class=\"wpb-content-wrapper\"><p>[vc_row css_animation=&#8221;&#8221; row_type=&#8221;row&#8221; use_row_as_full_screen_section=&#8221;no&#8221; type=&#8221;grid&#8221; angled_section=&#8221;no&#8221; text_align=&#8221;left&#8221; background_image_as_pattern=&#8221;without_pattern&#8221; z_index=&#8221;&#8221; css=&#8221;.vc_custom_1600773306226{padding-top: 80px !important;}&#8221;][vc_column][vc_column_text]Aceast\u0103 pagin\u0103 este dedicat\u0103 contribu\u021biilor a trei precursori rom\u00e2ni de geniu \u00een investigarea, teoretizarea, experimentarea \u0219i avansarea ideii de \u201elume durabil\u0103\u201d \u0219i a conceptelor vizionare pe care se fundamenteaz\u0103 noua economie \u00een armonie cu P\u0103m\u00e2ntul.<\/p>\n<p>&nbsp;<\/p>\n<p>Munca lor, dat\u00e2nd \u00eenc\u0103 de la \u00eenceputul secolului al XX-lea, cu mult \u00eenainte ca aceste teme s\u0103 fie considerate relevante, ne permite s\u0103 formul\u0103m azi o \u00eentrebare esen\u021bial\u0103 <strong>\u201eCum vrem s\u0103 ne dezvolt\u0103m: mai mult sau mai \u00een\u021belept?\u201d<\/strong> \u0219i ne ofer\u0103 puncte de sprijin \u00een c\u0103utarea r\u0103spunsurilor.[\/vc_column_text][vc_row_inner row_type=&#8221;row&#8221; type=&#8221;full_width&#8221; text_align=&#8221;left&#8221; css_animation=&#8221;&#8221; el_class=&#8221;images-hover no-bckg-img-ipad&#8221;][vc_column_inner width=&#8221;1\/3&#8243;][vc_empty_space height=&#8221;50px&#8221;][vc_column_text]<\/p>\n<h2 style=\"text-align: center;\">Antipa<\/h2>\n<p>[\/vc_column_text][vc_single_image image=&#8221;443&#8243; img_size=&#8221;full&#8221; onclick=&#8221;custom_link&#8221; qode_css_animation=&#8221;element_from_left&#8221; qode_hover_animation=&#8221;zoom_in&#8221; link=&#8221;https:\/\/traditiicreative.ro\/precursori\/precursori\/antipa\/&#8221;][\/vc_column_inner][vc_column_inner width=&#8221;1\/3&#8243;][vc_empty_space height=&#8221;50px&#8221;][vc_column_text]<\/p>\n<h2 style=\"text-align: center;\">Br\u00e2ncu\u0219i<\/h2>\n<p>[\/vc_column_text][vc_single_image image=&#8221;444&#8243; img_size=&#8221;full&#8221; onclick=&#8221;custom_link&#8221; qode_css_animation=&#8221;element_from_bottom&#8221; qode_hover_animation=&#8221;zoom_in&#8221; link=&#8221;https:\/\/traditiicreative.ro\/precursori\/precursori\/brancusi\/&#8221;][\/vc_column_inner][vc_column_inner width=&#8221;1\/3&#8243;][vc_empty_space height=&#8221;50px&#8221;][vc_column_text]<\/p>\n<h2 style=\"text-align: center;\">Roegen<\/h2>\n<p>[\/vc_column_text][vc_single_image image=&#8221;442&#8243; img_size=&#8221;full&#8221; onclick=&#8221;custom_link&#8221; qode_css_animation=&#8221;element_from_right&#8221; qode_hover_animation=&#8221;zoom_in&#8221; link=&#8221;https:\/\/traditiicreative.ro\/precursori\/precursori\/roegen\/&#8221;][\/vc_column_inner][\/vc_row_inner][\/vc_column][\/vc_row][vc_row css_animation=&#8221;&#8221; row_type=&#8221;row&#8221; use_row_as_full_screen_section=&#8221;no&#8221; type=&#8221;grid&#8221; angled_section=&#8221;no&#8221; text_align=&#8221;left&#8221; background_image_as_pattern=&#8221;without_pattern&#8221; z_index=&#8221;&#8221; css=&#8221;.vc_custom_1600773311323{padding-bottom: 40px !important;}&#8221;][vc_column][vc_column_text]Din teoriile celor trei s-au desprins \u0219i s-au dezvoltat domenii \u0219i priorit\u0103\u021bi ale lumii actuale, de la economia ecologic\u0103 sau economia circular\u0103 la preocuparea pentru epuizarea resurselor. Prin realiz\u0103rile lor, aceste trei personalit\u0103\u021bi au marcat epocile \u00een care au tr\u0103it, dar anvergura lor a dep\u0103\u0219it-o pe cea a Rom\u00e2niei.[\/vc_column_text][vc_empty_space height=&#8221;50px&#8221;][vc_column_text]<\/p>\n<h4 style=\"text-align: right;\">Trecutul cultural devine astfel o resurs\u0103 pentru viitor, restabilind ceva din \u00eencrederea pierdut\u0103 a rom\u00e2nilor de a participa la destinul comun al omenirii.<\/h4>\n<p>[\/vc_column_text][vc_empty_space height=&#8221;100px&#8221;][\/vc_column][\/vc_row][vc_row css_animation=&#8221;&#8221; row_type=&#8221;row&#8221; use_row_as_full_screen_section=&#8221;no&#8221; type=&#8221;grid&#8221; angled_section=&#8221;no&#8221; text_align=&#8221;left&#8221; background_image_as_pattern=&#8221;without_pattern&#8221; z_index=&#8221;&#8221;][vc_column width=&#8221;1\/2&#8243;][vc_column_text]<\/p>\n<h1>Inspira\u021bie<\/h1>\n<p>[\/vc_column_text][vc_empty_space][vc_column_text]<\/p>\n<h3>Omul, natura \u0219i<\/h3>\n<h3>cultura \u021b\u0103r\u0103neasc\u0103<\/h3>\n<p>[\/vc_column_text][vc_empty_space][vc_column_text]Ace\u0219ti trei creatori sunt deschiz\u0103tori de drumuri, oameni care au schimbat la nivel global domeniile \u00een care s-au manifestat.<\/p>\n<p>&nbsp;<\/p>\n<p>Lucr\u0103rile lor \u0219i-au tras seva din observarea cu aten\u021bie a rela\u021biei om-natur\u0103, din felul \u00een care spiritul uman interac\u021bioneaz\u0103 cu materia, \u0219i din cum se reflect\u0103 acest lucru \u00een cultura popular\u0103.<\/p>\n<p>&nbsp;<\/p>\n<p>Primordialitatea naturii \u0219i a ciclurilor ei este puternic ilustrat\u0103 \u00een tradi\u021bia rural\u0103 din Rom\u00e2nia, cu mecanismele sale de produc\u021bie \u0219i consum, cu calendarele agricole \u0219i ale vie\u021bii sociale, cu me\u0219te\u0219ugurile vechi p\u0103strate \u00eenc\u0103, \u00een plin secol 21.[\/vc_column_text][vc_empty_space height=&#8221;100px&#8221;][\/vc_column][vc_column width=&#8221;1\/2&#8243;][qode_content_slider auto_rotate=&#8221;5&#8243; enable_drag=&#8221;no&#8221; direction_nav=&#8221;yes&#8221; control_nav=&#8221;yes&#8221; control_nav_justify=&#8221;no&#8221; pause_on_hover=&#8221;yes&#8221;][qode_content_slider_item][qode_elements_holder number_of_columns=&#8221;one_column&#8221;][qode_elements_holder_item advanced_animations=&#8221;no&#8221; item_padding=&#8221;0 0 0 0px&#8221; item_padding_600_768=&#8221;0 0 0 0px&#8221; item_padding_480=&#8221;0 0 0 0&#8243;][vc_single_image image=&#8221;1116&#8243; img_size=&#8221;full&#8221; qode_css_animation=&#8221;&#8221;][\/qode_elements_holder_item][\/qode_elements_holder][\/qode_content_slider_item][qode_content_slider_item][qode_elements_holder number_of_columns=&#8221;one_column&#8221;][qode_elements_holder_item advanced_animations=&#8221;no&#8221; item_padding=&#8221;0 0 0 0px&#8221; item_padding_600_768=&#8221;0 0 0 0px&#8221; item_padding_480=&#8221;0 0 0 0&#8243;][vc_single_image image=&#8221;1117&#8243; img_size=&#8221;full&#8221; qode_css_animation=&#8221;&#8221;][\/qode_elements_holder_item][\/qode_elements_holder][\/qode_content_slider_item][qode_content_slider_item][qode_elements_holder number_of_columns=&#8221;one_column&#8221;][qode_elements_holder_item advanced_animations=&#8221;no&#8221; item_padding=&#8221;0 0 0 0px&#8221; item_padding_600_768=&#8221;0 0 0 0px&#8221; item_padding_480=&#8221;0 0 0 0&#8243;][vc_single_image image=&#8221;1118&#8243; img_size=&#8221;full&#8221; qode_css_animation=&#8221;&#8221;][\/qode_elements_holder_item][\/qode_elements_holder][\/qode_content_slider_item][qode_content_slider_item][qode_elements_holder number_of_columns=&#8221;one_column&#8221;][qode_elements_holder_item advanced_animations=&#8221;no&#8221; item_padding=&#8221;0 0 0 0px&#8221; item_padding_600_768=&#8221;0 0 0 0px&#8221; item_padding_480=&#8221;0 0 0 0&#8243;][vc_single_image image=&#8221;1115&#8243; img_size=&#8221;full&#8221; qode_css_animation=&#8221;&#8221;][\/qode_elements_holder_item][\/qode_elements_holder][\/qode_content_slider_item][qode_content_slider_item][qode_elements_holder number_of_columns=&#8221;one_column&#8221;][qode_elements_holder_item advanced_animations=&#8221;no&#8221; item_padding=&#8221;0 0 0 0px&#8221; item_padding_600_768=&#8221;0 0 0 0px&#8221; item_padding_480=&#8221;0 0 0 0&#8243;][vc_single_image image=&#8221;1114&#8243; img_size=&#8221;full&#8221; qode_css_animation=&#8221;&#8221;][\/qode_elements_holder_item][\/qode_elements_holder][\/qode_content_slider_item][\/qode_content_slider][\/vc_column][\/vc_row][vc_row css_animation=&#8221;&#8221; row_type=&#8221;row&#8221; use_row_as_full_screen_section=&#8221;no&#8221; type=&#8221;grid&#8221; angled_section=&#8221;no&#8221; text_align=&#8221;left&#8221; background_image_as_pattern=&#8221;without_pattern&#8221; z_index=&#8221;&#8221; css=&#8221;.vc_custom_1600773321093{padding-top: 40px !important;padding-bottom: 80px !important;}&#8221;][vc_column width=&#8221;1\/2&#8243;][vc_video link=&#8221;https:\/\/www.youtube.com\/watch?v=kZIomCrndXw&#8221;][\/vc_column][vc_column width=&#8221;1\/2&#8243;][vc_column_text]\u00cen prezent, de la eco-economie \u0219i eco-agricultur\u0103, eco-filosofie \u0219i eco-etic\u0103 la economie circular\u0103, industrii verzi etc., omenirea \u00eencearc\u0103 s\u0103 recupereze aceast\u0103 zestre a P\u0103m\u00e2ntului, risipit\u0103 \u0219i divizat\u0103, pentru a o folosi \u00een moduri c\u00e2t mai ra\u021bionale \u0219i mai integratoare.<\/p>\n<p>&nbsp;<\/p>\n<p>Putem spune deci c\u0103 ceva din viitorul durabil \u0219i armonios pe care lumea \u00eencearc\u0103 ast\u0103zi s\u0103 \u0219i-l formuleze s-a n\u0103scut \u00een Rom\u00e2nia.<\/p>\n<p>&nbsp;<\/p>\n<p>Economia circular\u0103 s-a n\u0103scut la sat, pentru c\u0103 nu e dec\u00e2t\u00a0<a style=\"color: #315996;\" href=\"http:\/\/www.traditiicreative.ro\" target=\"_blank\" rel=\"noopener noreferrer\">tradi\u021bia \u021b\u0103r\u0103neasc\u0103 adus\u0103 la ora\u0219 \u0219i aplicat\u0103 cu creativitate \u0219i \u00een\u021belepciune<\/a>.[\/vc_column_text][\/vc_column][\/vc_row]<\/p>\n<\/div>","protected":false},"excerpt":{"rendered":"<p>[vc_row css_animation=&#8221;&#8221; row_type=&#8221;row&#8221; use_row_as_full_screen_section=&#8221;no&#8221; type=&#8221;grid&#8221; angled_section=&#8221;no&#8221; text_align=&#8221;left&#8221; background_image_as_pattern=&#8221;without_pattern&#8221; z_index=&#8221;&#8221; css=&#8221;.vc_custom_1600773306226{padding-top: 80px !important;}&#8221;][vc_column][vc_column_text]Aceast\u0103 pagin\u0103 este dedicat\u0103 contribu\u021biilor a trei precursori rom\u00e2ni de geniu \u00een investigarea, teoretizarea, experimentarea \u0219i avansarea ideii de \u201elume durabil\u0103\u201d \u0219i a conceptelor vizionare pe care se fundamenteaz\u0103 noua economie \u00een armonie cu&#8230;<\/p>\n","protected":false},"author":1,"featured_media":0,"parent":0,"menu_order":0,"comment_status":"closed","ping_status":"closed","template":"","meta":{"footnotes":""},"class_list":["post-204","page","type-page","status-publish","hentry"],"yoast_head":"<!-- This site is optimized with the Yoast SEO plugin v27.3 - https:\/\/yoast.com\/product\/yoast-seo-wordpress\/ -->\n<title>Precursori - Precursori - Tradi\u021bii Creative<\/title>\n<meta name=\"robots\" content=\"index, follow, max-snippet:-1, max-image-preview:large, max-video-preview:-1\" \/>\n<link rel=\"canonical\" href=\"https:\/\/traditiicreative.ro\/precursori\/precursori\/\" \/>\n<meta property=\"og:locale\" content=\"en_US\" \/>\n<meta property=\"og:type\" content=\"article\" \/>\n<meta property=\"og:title\" content=\"Precursori - Precursori - Tradi\u021bii Creative\" \/>\n<meta property=\"og:description\" content=\"[vc_row css_animation=&#8221;&#8221; row_type=&#8221;row&#8221; use_row_as_full_screen_section=&#8221;no&#8221; type=&#8221;grid&#8221; angled_section=&#8221;no&#8221; text_align=&#8221;left&#8221; background_image_as_pattern=&#8221;without_pattern&#8221; z_index=&#8221;&#8221; css=&#8221;.vc_custom_1600773306226{padding-top: 80px !important;}&#8221;][vc_column][vc_column_text]Aceast\u0103 pagin\u0103 este dedicat\u0103 contribu\u021biilor a trei precursori rom\u00e2ni de geniu \u00een investigarea, teoretizarea, experimentarea \u0219i avansarea ideii de \u201elume durabil\u0103\u201d \u0219i a conceptelor vizionare pe care se fundamenteaz\u0103 noua economie \u00een armonie cu...\" \/>\n<meta property=\"og:url\" content=\"https:\/\/traditiicreative.ro\/precursori\/precursori\/\" \/>\n<meta property=\"og:site_name\" content=\"Precursori - Tradi\u021bii Creative\" \/>\n<meta property=\"article:modified_time\" content=\"2020-09-22T11:16:26+00:00\" \/>\n<meta property=\"og:image\" content=\"https:\/\/traditiicreative.ro\/precursori\/wp-content\/uploads\/2020\/11\/De-ce-ne-rabd\u0103-P\u0103m\u00e2ntul..png\" \/>\n\t<meta property=\"og:image:width\" content=\"1893\" \/>\n\t<meta property=\"og:image:height\" content=\"859\" \/>\n\t<meta property=\"og:image:type\" content=\"image\/png\" \/>\n<meta name=\"twitter:card\" content=\"summary_large_image\" \/>\n<meta name=\"twitter:label1\" content=\"Est. reading time\" \/>\n\t<meta name=\"twitter:data1\" content=\"5 minutes\" \/>\n<script type=\"application\/ld+json\" class=\"yoast-schema-graph\">{\"@context\":\"https:\\\/\\\/schema.org\",\"@graph\":[{\"@type\":\"WebPage\",\"@id\":\"https:\\\/\\\/traditiicreative.ro\\\/precursori\\\/precursori\\\/\",\"url\":\"https:\\\/\\\/traditiicreative.ro\\\/precursori\\\/precursori\\\/\",\"name\":\"Precursori - Precursori - Tradi\u021bii Creative\",\"isPartOf\":{\"@id\":\"https:\\\/\\\/traditiicreative.ro\\\/precursori\\\/#website\"},\"datePublished\":\"2018-01-12T15:07:23+00:00\",\"dateModified\":\"2020-09-22T11:16:26+00:00\",\"breadcrumb\":{\"@id\":\"https:\\\/\\\/traditiicreative.ro\\\/precursori\\\/precursori\\\/#breadcrumb\"},\"inLanguage\":\"en-US\",\"potentialAction\":[{\"@type\":\"ReadAction\",\"target\":[\"https:\\\/\\\/traditiicreative.ro\\\/precursori\\\/precursori\\\/\"]}]},{\"@type\":\"BreadcrumbList\",\"@id\":\"https:\\\/\\\/traditiicreative.ro\\\/precursori\\\/precursori\\\/#breadcrumb\",\"itemListElement\":[{\"@type\":\"ListItem\",\"position\":1,\"name\":\"Home\",\"item\":\"https:\\\/\\\/traditiicreative.ro\\\/precursori\\\/\"},{\"@type\":\"ListItem\",\"position\":2,\"name\":\"Precursori\"}]},{\"@type\":\"WebSite\",\"@id\":\"https:\\\/\\\/traditiicreative.ro\\\/precursori\\\/#website\",\"url\":\"https:\\\/\\\/traditiicreative.ro\\\/precursori\\\/\",\"name\":\"Precursori - Tradi\u021bii Creative\",\"description\":\"Expo-argument \u201eDe ce ne rabd\u0103 P\u0103m\u00e2ntul?\u201d\",\"potentialAction\":[{\"@type\":\"SearchAction\",\"target\":{\"@type\":\"EntryPoint\",\"urlTemplate\":\"https:\\\/\\\/traditiicreative.ro\\\/precursori\\\/?s={search_term_string}\"},\"query-input\":{\"@type\":\"PropertyValueSpecification\",\"valueRequired\":true,\"valueName\":\"search_term_string\"}}],\"inLanguage\":\"en-US\"}]}<\/script>\n<!-- \/ Yoast SEO plugin. -->","yoast_head_json":{"title":"Precursori - Precursori - Tradi\u021bii Creative","robots":{"index":"index","follow":"follow","max-snippet":"max-snippet:-1","max-image-preview":"max-image-preview:large","max-video-preview":"max-video-preview:-1"},"canonical":"https:\/\/traditiicreative.ro\/precursori\/precursori\/","og_locale":"en_US","og_type":"article","og_title":"Precursori - Precursori - Tradi\u021bii Creative","og_description":"[vc_row css_animation=&#8221;&#8221; row_type=&#8221;row&#8221; use_row_as_full_screen_section=&#8221;no&#8221; type=&#8221;grid&#8221; angled_section=&#8221;no&#8221; text_align=&#8221;left&#8221; background_image_as_pattern=&#8221;without_pattern&#8221; z_index=&#8221;&#8221; css=&#8221;.vc_custom_1600773306226{padding-top: 80px !important;}&#8221;][vc_column][vc_column_text]Aceast\u0103 pagin\u0103 este dedicat\u0103 contribu\u021biilor a trei precursori rom\u00e2ni de geniu \u00een investigarea, teoretizarea, experimentarea \u0219i avansarea ideii de \u201elume durabil\u0103\u201d \u0219i a conceptelor vizionare pe care se fundamenteaz\u0103 noua economie \u00een armonie cu...","og_url":"https:\/\/traditiicreative.ro\/precursori\/precursori\/","og_site_name":"Precursori - Tradi\u021bii Creative","article_modified_time":"2020-09-22T11:16:26+00:00","og_image":[{"width":1893,"height":859,"url":"https:\/\/traditiicreative.ro\/precursori\/wp-content\/uploads\/2020\/11\/De-ce-ne-rabd\u0103-P\u0103m\u00e2ntul..png","type":"image\/png"}],"twitter_card":"summary_large_image","twitter_misc":{"Est. reading time":"5 minutes"},"schema":{"@context":"https:\/\/schema.org","@graph":[{"@type":"WebPage","@id":"https:\/\/traditiicreative.ro\/precursori\/precursori\/","url":"https:\/\/traditiicreative.ro\/precursori\/precursori\/","name":"Precursori - Precursori - Tradi\u021bii Creative","isPartOf":{"@id":"https:\/\/traditiicreative.ro\/precursori\/#website"},"datePublished":"2018-01-12T15:07:23+00:00","dateModified":"2020-09-22T11:16:26+00:00","breadcrumb":{"@id":"https:\/\/traditiicreative.ro\/precursori\/precursori\/#breadcrumb"},"inLanguage":"en-US","potentialAction":[{"@type":"ReadAction","target":["https:\/\/traditiicreative.ro\/precursori\/precursori\/"]}]},{"@type":"BreadcrumbList","@id":"https:\/\/traditiicreative.ro\/precursori\/precursori\/#breadcrumb","itemListElement":[{"@type":"ListItem","position":1,"name":"Home","item":"https:\/\/traditiicreative.ro\/precursori\/"},{"@type":"ListItem","position":2,"name":"Precursori"}]},{"@type":"WebSite","@id":"https:\/\/traditiicreative.ro\/precursori\/#website","url":"https:\/\/traditiicreative.ro\/precursori\/","name":"Precursori - Tradi\u021bii Creative","description":"Expo-argument \u201eDe ce ne rabd\u0103 P\u0103m\u00e2ntul?\u201d","potentialAction":[{"@type":"SearchAction","target":{"@type":"EntryPoint","urlTemplate":"https:\/\/traditiicreative.ro\/precursori\/?s={search_term_string}"},"query-input":{"@type":"PropertyValueSpecification","valueRequired":true,"valueName":"search_term_string"}}],"inLanguage":"en-US"}]}},"_links":{"self":[{"href":"https:\/\/traditiicreative.ro\/precursori\/wp-json\/wp\/v2\/pages\/204","targetHints":{"allow":["GET"]}}],"collection":[{"href":"https:\/\/traditiicreative.ro\/precursori\/wp-json\/wp\/v2\/pages"}],"about":[{"href":"https:\/\/traditiicreative.ro\/precursori\/wp-json\/wp\/v2\/types\/page"}],"author":[{"embeddable":true,"href":"https:\/\/traditiicreative.ro\/precursori\/wp-json\/wp\/v2\/users\/1"}],"replies":[{"embeddable":true,"href":"https:\/\/traditiicreative.ro\/precursori\/wp-json\/wp\/v2\/comments?post=204"}],"version-history":[{"count":63,"href":"https:\/\/traditiicreative.ro\/precursori\/wp-json\/wp\/v2\/pages\/204\/revisions"}],"predecessor-version":[{"id":1483,"href":"https:\/\/traditiicreative.ro\/precursori\/wp-json\/wp\/v2\/pages\/204\/revisions\/1483"}],"wp:attachment":[{"href":"https:\/\/traditiicreative.ro\/precursori\/wp-json\/wp\/v2\/media?parent=204"}],"curies":[{"name":"wp","href":"https:\/\/api.w.org\/{rel}","templated":true}]}}